{"id":29,"date":"2025-11-04T13:21:22","date_gmt":"2025-11-04T13:21:22","guid":{"rendered":"https:\/\/william-lambert.com\/?page_id=29"},"modified":"2025-11-14T18:11:20","modified_gmt":"2025-11-14T18:11:20","slug":"creations-lumiere","status":"publish","type":"page","link":"https:\/\/william-lambert.com\/?page_id=29","title":{"rendered":"Cr\u00e9ations Lumi\u00e8re"},"content":{"rendered":"\n<p style=\"line-height:0.5\"><em><a href=\"https:\/\/william-lambert.com\/?page_id=220\" data-type=\"page\" data-id=\"220\" target=\"_blank\" rel=\"noreferrer noopener\">Th\u00e9\u00e2tre<\/a><\/em><\/p>\n\n\n\n<p style=\"line-height:0.5\"><a href=\"https:\/\/william-lambert.com\/?page_id=222\" data-type=\"page\" data-id=\"222\" target=\"_blank\" rel=\"noreferrer noopener\"><em>Danse<\/em><\/a><\/p>\n\n\n\n<p style=\"line-height:0.5\"><em><a href=\"https:\/\/william-lambert.com\/?page_id=224\" data-type=\"page\" data-id=\"224\" target=\"_blank\" rel=\"noreferrer noopener\">Spectacle musical<\/a><\/em><\/p>\n\n\n\n<p style=\"line-height:0.5\"><em><a href=\"https:\/\/william-lambert.com\/?page_id=232\" data-type=\"page\" data-id=\"232\" target=\"_blank\" rel=\"noreferrer noopener\">Ev\u00e8nements<\/a><\/em><\/p>\n\n\n\n<p style=\"line-height:0.5\"><em><a href=\"https:\/\/william-lambert.com\/?page_id=234\" data-type=\"page\" data-id=\"234\" target=\"_blank\" rel=\"noreferrer noopener\">Expositions<\/a><\/em><\/p>\n\n\n\n<p><\/p>\n","protected":false},"excerpt":{"rendered":"<p>Th\u00e9\u00e2tre Danse Spectacle musical Ev\u00e8nements Expositions<\/p>\n","protected":false},"author":1,"featured_media":71,"parent":0,"menu_order":0,"comment_status":"closed","ping_status":"closed","template":"","meta":{"footnotes":""},"class_list":["post-29","page","type-page","status-publish","has-post-thumbnail","hentry"],"_links":{"self":[{"href":"https:\/\/william-lambert.com\/index.php?rest_route=\/wp\/v2\/pages\/29","targetHints":{"allow":["GET"]}}],"collection":[{"href":"https:\/\/william-lambert.com\/index.php?rest_route=\/wp\/v2\/pages"}],"about":[{"href":"https:\/\/william-lambert.com\/index.php?rest_route=\/wp\/v2\/types\/page"}],"author":[{"embeddable":true,"href":"https:\/\/william-lambert.com\/index.php?rest_route=\/wp\/v2\/users\/1"}],"replies":[{"embeddable":true,"href":"https:\/\/william-lambert.com\/index.php?rest_route=%2Fwp%2Fv2%2Fcomments&post=29"}],"version-history":[{"count":9,"href":"https:\/\/william-lambert.com\/index.php?rest_route=\/wp\/v2\/pages\/29\/revisions"}],"predecessor-version":[{"id":625,"href":"https:\/\/william-lambert.com\/index.php?rest_route=\/wp\/v2\/pages\/29\/revisions\/625"}],"wp:featuredmedia":[{"embeddable":true,"href":"https:\/\/william-lambert.com\/index.php?rest_route=\/wp\/v2\/media\/71"}],"wp:attachment":[{"href":"https:\/\/william-lambert.com\/index.php?rest_route=%2Fwp%2Fv2%2Fmedia&parent=29"}],"curies":[{"name":"wp","href":"https:\/\/api.w.org\/{rel}","templated":true}]}}